{"id":528,"date":"2025-08-08T18:55:23","date_gmt":"2025-08-08T16:55:23","guid":{"rendered":"https:\/\/ophrysesthetique.com\/?post_type=product&#038;p=528"},"modified":"2025-08-08T18:55:24","modified_gmt":"2025-08-08T16:55:24","slug":"bi-nocturne","status":"publish","type":"product","link":"https:\/\/ophrysesthetique.com\/?product=bi-nocturne","title":{"rendered":"Bi Nocturne"},"content":{"rendered":"<h2 class=\"product__title\">Bi Nocturne<\/h2>\n<h3 class=\"product__subtitle\"><\/h3>\n<p class=\"product__desc\">\n<p>La cr\u00e8me de soin nuit Bi Nocturne renforce les d\u00e9fenses nocturnes de la peau et assure une pr\u00e9vention \u201crides\u201d renforc\u00e9e.<\/p>\n<p>La mise en beaut\u00e9 est visible d\u00e8s le matin, les traits sont liss\u00e9s et repos\u00e9s.<\/p>\n<p>&nbsp;<\/p>\n<ul class=\"product__data\">\n<li><strong>Type de peau :\u00a0<\/strong>peaux d\u00e9shydrat\u00e9es<\/li>\n<li><strong>Texture :\u00a0<\/strong>cr\u00e8me<\/li>\n<li><strong>Utilisation :\u00a0<\/strong>soir<\/li>\n<li><strong>Contenance :\u00a0<\/strong>50ml<\/li>\n<li><strong>Traitement beaut\u00e9 :\u00a0<\/strong>\u00c9tape 6<\/li>\n<\/ul>\n<p><a class=\"etapes\" title=\"Traitement beaut\u00e9 en 6 \u00e9tapes\" href=\"https:\/\/www.thalac.fr\/thalac\/traitement-beaute-en-6-etapes\/\"><img decoding=\"async\" src=\"https:\/\/www.thalac.fr\/app\/themes\/c2f\/assets\/images\/etape_6.svg\" alt=\"D\u00e9couvrir le traitement en 6 \u00e9tapes\" \/><\/a><\/p>\n<p>D\u00e9couvrir le traitement en 6 \u00e9tapes<\/p>\n<h4 class=\"product__actifs\">Les actifs phares<\/h4>\n<div class=\"product__icones\">\n<div class=\"product__icone\"><img decoding=\"async\" src=\"https:\/\/www.thalac.fr\/app\/uploads\/2021\/10\/eau.svg\" alt=\"Elastine marine\" \/><\/p>\n<div class=\"text\">\n<h6>Elastine marine<\/h6>\n<p>contribue \u00e0 donner de l&rsquo;\u00e9lasticit\u00e9 aux tissus et \u00e0 limiter leur vieillissement.<\/p>\n<\/div>\n<\/div>\n<div class=\"product__icone\"><img decoding=\"async\" src=\"https:\/\/www.thalac.fr\/app\/uploads\/2021\/10\/algue.svg\" alt=\"Extrait de\u00a0fucus\" \/><\/p>\n<div class=\"text\">\n<h6>Extrait de\u00a0fucus<\/h6>\n<p>hydratant* et remin\u00e9ralisant.<\/p>\n<\/div>\n<h3>R\u00e9sultats<\/h3>\n<div class=\"results__wrapper\">\n<div class=\"results__content\">\n<p>D\u00e9fenses nocturnes de la peau renforc\u00e9es lorsque la peau est la plus r\u00e9ceptive. Traits liss\u00e9s et repos\u00e9s. Confort et \u00e9clat retrouv\u00e9s. Peau plus fra\u00eeche et pleine de vitalit\u00e9 au r\u00e9veil.<\/p>\n<h3>Composition<\/h3>\n<div class=\"results__wrapper\">\n<div class=\"results__content\">\n<p>Elastine marine : contribue \u00e0 donner de l\u2019\u00e9lasticit\u00e9 aux tissus et \u00e0 limiter leur vieillissement.<br \/>\nExtrait de fucus : hydratant* et remin\u00e9ralisant.<br \/>\nGivobio : normalisant, apaisant, r\u00e9gulateur des s\u00e9cr\u00e9tions s\u00e9bac\u00e9es.<\/p>\n<\/div>\n<\/div>\n<\/div>\n<\/div>\n<\/div>\n<\/div>\n","protected":false},"excerpt":{"rendered":"<p>D\u00e9fenses nocturnes de la peau renforc\u00e9es lorsque la peau est la plus r\u00e9ceptive.<\/p>\n","protected":false},"featured_media":223,"template":"","meta":[],"product_brand":[22],"product_cat":[24],"product_tag":[],"class_list":{"0":"post-528","1":"product","2":"type-product","3":"status-publish","4":"has-post-thumbnail","6":"product_brand-thalac","7":"product_cat-cremes-de-soins","9":"first","10":"instock","11":"taxable","12":"shipping-taxable","13":"purchasable","14":"product-type-simple"},"_links":{"self":[{"href":"https:\/\/ophrysesthetique.com\/index.php?rest_route=\/wp\/v2\/product\/528","targetHints":{"allow":["GET"]}}],"collection":[{"href":"https:\/\/ophrysesthetique.com\/index.php?rest_route=\/wp\/v2\/product"}],"about":[{"href":"https:\/\/ophrysesthetique.com\/index.php?rest_route=\/wp\/v2\/types\/product"}],"wp:featuredmedia":[{"embeddable":true,"href":"https:\/\/ophrysesthetique.com\/index.php?rest_route=\/wp\/v2\/media\/223"}],"wp:attachment":[{"href":"https:\/\/ophrysesthetique.com\/index.php?rest_route=%2Fwp%2Fv2%2Fmedia&parent=528"}],"wp:term":[{"taxonomy":"product_brand","embeddable":true,"href":"https:\/\/ophrysesthetique.com\/index.php?rest_route=%2Fwp%2Fv2%2Fproduct_brand&post=528"},{"taxonomy":"product_cat","embeddable":true,"href":"https:\/\/ophrysesthetique.com\/index.php?rest_route=%2Fwp%2Fv2%2Fproduct_cat&post=528"},{"taxonomy":"product_tag","embeddable":true,"href":"https:\/\/ophrysesthetique.com\/index.php?rest_route=%2Fwp%2Fv2%2Fproduct_tag&post=528"}],"curies":[{"name":"wp","href":"https:\/\/api.w.org\/{rel}","templated":true}]}}