{"id":449,"date":"2025-08-02T12:53:24","date_gmt":"2025-08-02T10:53:24","guid":{"rendered":"https:\/\/ophrysesthetique.com\/?post_type=product&#038;p=449"},"modified":"2025-08-08T16:44:33","modified_gmt":"2025-08-08T14:44:33","slug":"huile-seche-paradisiaque-tiare","status":"publish","type":"product","link":"https:\/\/ophrysesthetique.com\/?product=huile-seche-paradisiaque-tiare","title":{"rendered":"Huile S\u00e8che Paradisiaque tiar\u00e9"},"content":{"rendered":"<div class=\"is-root-container is-desktop-preview is-layout-flow wp-block-post-content block-editor-block-list__layout\">\n<p id=\"block-110bf344-9aea-46e5-9a6e-163f5eec31fe\" class=\"block-editor-rich-text__editable block-editor-block-list__block wp-block wp-block-paragraph rich-text\" role=\"document\" contenteditable=\"true\" aria-multiline=\"true\" aria-label=\"Bloc\u00a0: paragraphe\" data-block=\"110bf344-9aea-46e5-9a6e-163f5eec31fe\" data-type=\"core\/paragraph\" data-title=\"Paragraphe\" data-empty=\"false\" data-wp-block-attribute-key=\"content\">Pour une peau et des cheveux nourris et envelopp\u00e9s d&rsquo;un<br data-rich-text-line-break=\"true\" \/>parfum ensoleill\u00e9 de fleurs de tiar\u00e9 sublim\u00e9 par des notes<\/p>\n<p id=\"block-8cc0ca51-5c78-4dcc-bdac-69ef03eb18c6\" class=\"block-editor-rich-text__editable block-editor-block-list__block wp-block wp-block-paragraph rich-text\" role=\"document\" contenteditable=\"true\" aria-multiline=\"true\" aria-label=\"Bloc\u00a0: paragraphe\" data-block=\"8cc0ca51-5c78-4dcc-bdac-69ef03eb18c6\" data-type=\"core\/paragraph\" data-title=\"Paragraphe\" data-empty=\"false\" data-wp-block-attribute-key=\"content\">vanill\u00e9es d\u00e9licatement poudr\u00e9es.<\/p>\n<ul id=\"block-7331a4dd-f7e9-4b2d-9630-5e0c166a2d59\" class=\"block-editor-block-list__block wp-block wp-block-list block-editor-block-list__layout\" tabindex=\"0\" role=\"document\" aria-label=\"Bloc\u00a0: Liste\" data-block=\"7331a4dd-f7e9-4b2d-9630-5e0c166a2d59\" data-type=\"core\/list\" data-title=\"Liste\" data-is-drop-zone=\"true\" data-draggable=\"true\">\n<li id=\"block-b5daf25e-2703-4db6-a640-92a9c580c04a\" class=\"block-editor-block-list__block wp-block wp-block-list-item block-editor-block-list__layout\" tabindex=\"0\" role=\"document\" draggable=\"true\" aria-label=\"Bloc\u00a0: \u00c9l\u00e9ment de liste\" data-block=\"b5daf25e-2703-4db6-a640-92a9c580c04a\" data-type=\"core\/list-item\" data-title=\"\u00c9l\u00e9ment de liste\">\n<div class=\"block-editor-rich-text__editable rich-text\" role=\"textbox\" contenteditable=\"true\" aria-multiline=\"true\" aria-label=\"Texte de la liste\" data-wp-block-attribute-key=\"content\">Spray corps et cheveux<\/div>\n<\/li>\n<li id=\"block-8e1e2cba-b18c-4eee-80bb-debdfbac633a\" class=\"block-editor-block-list__block wp-block wp-block-list-item block-editor-block-list__layout\" tabindex=\"0\" role=\"document\" draggable=\"true\" aria-label=\"Bloc\u00a0: \u00c9l\u00e9ment de liste\" data-block=\"8e1e2cba-b18c-4eee-80bb-debdfbac633a\" data-type=\"core\/list-item\" data-title=\"\u00c9l\u00e9ment de liste\">\n<div class=\"block-editor-rich-text__editable rich-text\" role=\"textbox\" contenteditable=\"true\" aria-multiline=\"true\" aria-label=\"Texte de la liste\" data-wp-block-attribute-key=\"content\">Actifs nourrissants :<br data-rich-text-line-break=\"true\" \/>huile de Mono\u00ef, huile de Karit\u00e9<\/div>\n<\/li>\n<li id=\"block-59629de0-d641-4beb-8885-3f0d75d50586\" class=\"block-editor-block-list__block wp-block wp-block-list-item block-editor-block-list__layout\" tabindex=\"0\" role=\"document\" aria-label=\"Bloc\u00a0: \u00c9l\u00e9ment de liste\" data-block=\"59629de0-d641-4beb-8885-3f0d75d50586\" data-type=\"core\/list-item\" data-title=\"\u00c9l\u00e9ment de liste\" data-draggable=\"true\">\n<div class=\"block-editor-rich-text__editable rich-text\" role=\"textbox\" contenteditable=\"true\" aria-multiline=\"true\" aria-label=\"Texte de la liste\" data-wp-block-attribute-key=\"content\">Test\u00e9 sous contr\u00f4le dermatologique<\/div>\n<\/li>\n<\/ul>\n<\/div>\n","protected":false},"excerpt":{"rendered":"<p id=\"block-110bf344-9aea-46e5-9a6e-163f5eec31fe\" class=\"block-editor-rich-text__editable block-editor-block-list__block wp-block wp-block-paragraph rich-text\" role=\"document\" contenteditable=\"true\" aria-multiline=\"true\" aria-label=\"Bloc\u00a0: paragraphe\" data-block=\"110bf344-9aea-46e5-9a6e-163f5eec31fe\" data-type=\"core\/paragraph\" data-title=\"Paragraphe\" data-empty=\"false\" data-wp-block-attribute-key=\"content\">Pour une peau et des cheveux nourris et envelopp\u00e9s d&rsquo;un<br data-rich-text-line-break=\"true\" \/>parfum ensoleill\u00e9 de fleurs de tiar\u00e9 sublim\u00e9 par des notes<\/p>\n<p id=\"block-8cc0ca51-5c78-4dcc-bdac-69ef03eb18c6\" class=\"block-editor-rich-text__editable block-editor-block-list__block wp-block wp-block-paragraph rich-text\" role=\"document\" contenteditable=\"true\" aria-multiline=\"true\" aria-label=\"Bloc\u00a0: paragraphe\" data-block=\"8cc0ca51-5c78-4dcc-bdac-69ef03eb18c6\" data-type=\"core\/paragraph\" data-title=\"Paragraphe\" data-empty=\"false\" data-wp-block-attribute-key=\"content\">vanill\u00e9es d\u00e9licatement poudr\u00e9es.<\/p>\n","protected":false},"featured_media":466,"template":"","meta":[],"product_brand":[23],"product_cat":[35],"product_tag":[],"class_list":{"0":"post-449","1":"product","2":"type-product","3":"status-publish","4":"has-post-thumbnail","6":"product_brand-osmae","7":"product_cat-solaire","9":"first","10":"instock","11":"taxable","12":"shipping-taxable","13":"purchasable","14":"product-type-simple"},"_links":{"self":[{"href":"https:\/\/ophrysesthetique.com\/index.php?rest_route=\/wp\/v2\/product\/449","targetHints":{"allow":["GET"]}}],"collection":[{"href":"https:\/\/ophrysesthetique.com\/index.php?rest_route=\/wp\/v2\/product"}],"about":[{"href":"https:\/\/ophrysesthetique.com\/index.php?rest_route=\/wp\/v2\/types\/product"}],"wp:featuredmedia":[{"embeddable":true,"href":"https:\/\/ophrysesthetique.com\/index.php?rest_route=\/wp\/v2\/media\/466"}],"wp:attachment":[{"href":"https:\/\/ophrysesthetique.com\/index.php?rest_route=%2Fwp%2Fv2%2Fmedia&parent=449"}],"wp:term":[{"taxonomy":"product_brand","embeddable":true,"href":"https:\/\/ophrysesthetique.com\/index.php?rest_route=%2Fwp%2Fv2%2Fproduct_brand&post=449"},{"taxonomy":"product_cat","embeddable":true,"href":"https:\/\/ophrysesthetique.com\/index.php?rest_route=%2Fwp%2Fv2%2Fproduct_cat&post=449"},{"taxonomy":"product_tag","embeddable":true,"href":"https:\/\/ophrysesthetique.com\/index.php?rest_route=%2Fwp%2Fv2%2Fproduct_tag&post=449"}],"curies":[{"name":"wp","href":"https:\/\/api.w.org\/{rel}","templated":true}]}}