{"id":425,"date":"2025-08-01T18:54:47","date_gmt":"2025-08-01T16:54:47","guid":{"rendered":"https:\/\/ophrysesthetique.com\/?post_type=product&#038;p=425"},"modified":"2025-08-01T18:54:48","modified_gmt":"2025-08-01T16:54:48","slug":"gommage-corps-nourrissant-paradisiaque-tiare","status":"publish","type":"product","link":"https:\/\/ophrysesthetique.com\/?product=gommage-corps-nourrissant-paradisiaque-tiare","title":{"rendered":"Gommage corps nourrissant PARADISIAQUE TIAR\u00c9"},"content":{"rendered":"<p>Ce d\u00e9licieux gommage \u00e0 l\u2019huile de noix de Coco BIO exfolie et nourrit la peau en un seul geste. Infus\u00e9 \u00e0 l\u2019huile de Mono\u00ef, il laisse la peau douce et l\u2019enveloppe d\u2019un parfum ensoleill\u00e9 d\u00e9licieusement paradisiaque.<\/p>\n<p>&nbsp;<\/p>\n<h2 class=\"title-level-1\">Le produit<\/h2>\n<p>Conseils d\u2019utilisation\u00a0: Sous la douche, appliquer 1 \u00e0 2 fois par semaine sur peau humide. Masser d\u00e9licatement en mouvements circulaires, puis rincer. En cas de contact avec les yeux, rincer abondamment \u00e0 l\u2019eau claire. Usage externe.<\/p>\n<ul>\n<li>94% d\u2019ingr\u00e9dients d\u2019origine naturelle<\/li>\n<li>Pot fabriqu\u00e9 avec 50% de plastique recycl\u00e9<\/li>\n<li>Formule adapt\u00e9e aux vegans<\/li>\n<li>Test\u00e9 sous contr\u00f4le dermatologique<\/li>\n<\/ul>\n<p>&nbsp;<\/p>\n<div class=\"col-md-12\">\n<div class=\"rich-text\">\n<h2 class=\"title-level-2\">Composition<\/h2>\n<\/div>\n<\/div>\n<div class=\"col-md-12\">\n<div class=\"single-product-composition\">\n<p>Sucre*, \u00e9mollient*, huile de noix de Coco vierge BIO*, Huile de mono\u00ef*, huile de roucou*, poudre min\u00e9rale, antioxydants, parfum.<\/p>\n<p>*Ingr\u00e9dient d\u2019origine naturelle<\/p>\n<\/div>\n<\/div>\n","protected":false},"excerpt":{"rendered":"<p>Ce d\u00e9licieux gommage \u00e0 l\u2019huile de noix de Coco BIO exfolie et nourrit la peau en un seul geste.<\/p>\n","protected":false},"featured_media":418,"template":"","meta":[],"product_brand":[23],"product_cat":[34],"product_tag":[],"class_list":{"0":"post-425","1":"product","2":"type-product","3":"status-publish","4":"has-post-thumbnail","6":"product_brand-osmae","7":"product_cat-gommage","9":"first","10":"instock","11":"taxable","12":"shipping-taxable","13":"purchasable","14":"product-type-simple"},"_links":{"self":[{"href":"https:\/\/ophrysesthetique.com\/index.php?rest_route=\/wp\/v2\/product\/425","targetHints":{"allow":["GET"]}}],"collection":[{"href":"https:\/\/ophrysesthetique.com\/index.php?rest_route=\/wp\/v2\/product"}],"about":[{"href":"https:\/\/ophrysesthetique.com\/index.php?rest_route=\/wp\/v2\/types\/product"}],"wp:featuredmedia":[{"embeddable":true,"href":"https:\/\/ophrysesthetique.com\/index.php?rest_route=\/wp\/v2\/media\/418"}],"wp:attachment":[{"href":"https:\/\/ophrysesthetique.com\/index.php?rest_route=%2Fwp%2Fv2%2Fmedia&parent=425"}],"wp:term":[{"taxonomy":"product_brand","embeddable":true,"href":"https:\/\/ophrysesthetique.com\/index.php?rest_route=%2Fwp%2Fv2%2Fproduct_brand&post=425"},{"taxonomy":"product_cat","embeddable":true,"href":"https:\/\/ophrysesthetique.com\/index.php?rest_route=%2Fwp%2Fv2%2Fproduct_cat&post=425"},{"taxonomy":"product_tag","embeddable":true,"href":"https:\/\/ophrysesthetique.com\/index.php?rest_route=%2Fwp%2Fv2%2Fproduct_tag&post=425"}],"curies":[{"name":"wp","href":"https:\/\/api.w.org\/{rel}","templated":true}]}}