{"id":416,"date":"2025-08-01T18:39:38","date_gmt":"2025-08-01T16:39:38","guid":{"rendered":"https:\/\/ophrysesthetique.com\/?post_type=product&#038;p=416"},"modified":"2025-08-01T18:39:38","modified_gmt":"2025-08-01T16:39:38","slug":"brume-parfumee-paradisiaque-tiare","status":"publish","type":"product","link":"https:\/\/ophrysesthetique.com\/?product=brume-parfumee-paradisiaque-tiare","title":{"rendered":"Brume parfum\u00e9e PARADISIAQUE TIAR\u00c9"},"content":{"rendered":"<p>Cette brume parfum\u00e9e enveloppe le corps et les cheveux d\u2019un parfum ensoleill\u00e9 d\u00e9licieusement paradisiaque. Elle d\u00e9voile un c\u0153ur addictif de fleurs de Tiar\u00e9 sublim\u00e9 par des notes vanill\u00e9es d\u00e9licatement poudr\u00e9es.<br \/>\nLes extraits de fleurs de Tiar\u00e9 et de Frangipanier prot\u00e8gent et adoucissent la peau et les cheveux.<\/p>\n<p>&nbsp;<\/p>\n<h2 class=\"title-level-1\">Le produit<\/h2>\n<p><strong>Brume l\u00e9g\u00e8re sans alcool. Non collante. Ne laisse pas de film gras.<\/strong><\/p>\n<p>Conseils d\u2019utilisation\u00a0: Vaporiser sur le corps et les cheveux \u00e0 tout moment de la journ\u00e9e.<\/p>\n<ul>\n<li>Sans alcool<\/li>\n<li>91,5% d\u2019ingr\u00e9dients d\u2019origine naturelle.<\/li>\n<li>Formule adapt\u00e9e aux vegans<\/li>\n<li>Test\u00e9 sous contr\u00f4le dermatologique<\/li>\n<\/ul>\n<div class=\"col-md-12\">\n<div class=\"rich-text\">\n<h2 class=\"title-level-2\">Composition<\/h2>\n<\/div>\n<\/div>\n<div class=\"col-md-12\">\n<div class=\"single-product-composition\">\n<p>Aqua (Water)*, Parfum (Fragrance), Glycerin*, Plumeria Alba Flower Extract*, Gardenia Taitensis Flower Extract*, Potassium Sorbate, Sodium Benzoate, Hexyl Cinnamal, Linalool, Amyl Cinnamal, Geraniol, Alpha-Isomethyl Ionone, Citric Acid*.<\/p>\n<p>*Ingr\u00e9dient d\u2019origine naturelle<\/p>\n<\/div>\n<\/div>\n","protected":false},"excerpt":{"rendered":"<p>Cette brume parfum\u00e9e enveloppe le corps et les cheveux d\u2019un parfum ensoleill\u00e9 d\u00e9licieusement paradisiaque.<\/p>\n","protected":false},"featured_media":422,"template":"","meta":[],"product_brand":[23],"product_cat":[32],"product_tag":[],"class_list":{"0":"post-416","1":"product","2":"type-product","3":"status-publish","4":"has-post-thumbnail","6":"product_brand-osmae","7":"product_cat-parfum","9":"first","10":"instock","11":"taxable","12":"shipping-taxable","13":"purchasable","14":"product-type-simple"},"_links":{"self":[{"href":"https:\/\/ophrysesthetique.com\/index.php?rest_route=\/wp\/v2\/product\/416","targetHints":{"allow":["GET"]}}],"collection":[{"href":"https:\/\/ophrysesthetique.com\/index.php?rest_route=\/wp\/v2\/product"}],"about":[{"href":"https:\/\/ophrysesthetique.com\/index.php?rest_route=\/wp\/v2\/types\/product"}],"wp:featuredmedia":[{"embeddable":true,"href":"https:\/\/ophrysesthetique.com\/index.php?rest_route=\/wp\/v2\/media\/422"}],"wp:attachment":[{"href":"https:\/\/ophrysesthetique.com\/index.php?rest_route=%2Fwp%2Fv2%2Fmedia&parent=416"}],"wp:term":[{"taxonomy":"product_brand","embeddable":true,"href":"https:\/\/ophrysesthetique.com\/index.php?rest_route=%2Fwp%2Fv2%2Fproduct_brand&post=416"},{"taxonomy":"product_cat","embeddable":true,"href":"https:\/\/ophrysesthetique.com\/index.php?rest_route=%2Fwp%2Fv2%2Fproduct_cat&post=416"},{"taxonomy":"product_tag","embeddable":true,"href":"https:\/\/ophrysesthetique.com\/index.php?rest_route=%2Fwp%2Fv2%2Fproduct_tag&post=416"}],"curies":[{"name":"wp","href":"https:\/\/api.w.org\/{rel}","templated":true}]}}