{"id":227,"date":"2025-07-09T21:17:06","date_gmt":"2025-07-09T19:17:06","guid":{"rendered":"http:\/\/ophrys.5.75.177.165.nip.io\/?post_type=product&#038;p=227"},"modified":"2025-07-11T22:24:14","modified_gmt":"2025-07-11T20:24:14","slug":"mousse-nettoyante-bio","status":"publish","type":"product","link":"https:\/\/ophrysesthetique.com\/?product=mousse-nettoyante-bio","title":{"rendered":"Mousse Nettoyante BIO"},"content":{"rendered":"<p>Cette mousse nettoie et exfolie le visage pour un effet \u00ab peau neuve \u00bb d\u00e8s la premi\u00e8re utilisation. Les acides de fruits et de fleurs associ\u00e9s aux extraits de Myrtille, d\u2019Orange et d\u2019Hibiscus offrent \u00e0 la peau un micro-peeling naturel.<\/p>\n<p>&nbsp;<\/p>\n<ul class=\"product__data\">\n<li><strong>Type de peau :\u00a0<\/strong>Tous types de peaux (Id\u00e9ale pour les teints ternes, les peaux asphixi\u00e9es (alcool, tabac), les pores dilat\u00e9s)<\/li>\n<li><strong>Texture :\u00a0<\/strong>mousse<\/li>\n<li><strong>Utilisation :\u00a0<\/strong>matin et\/ou soir<\/li>\n<li><strong>Contenance :\u00a0<\/strong>150ml<\/li>\n<li><strong>Traitement beaut\u00e9 :\u00a0<\/strong>\u00c9tape 2<\/li>\n<\/ul>\n<p><a class=\"etapes\" title=\"Traitement beaut\u00e9 en 6 \u00e9tapes\" href=\"https:\/\/www.thalac.fr\/thalac\/traitement-beaute-en-6-etapes\/\"><img decoding=\"async\" src=\"https:\/\/www.thalac.fr\/app\/themes\/c2f\/assets\/images\/etape_2.svg\" alt=\"D\u00e9couvrir le traitement en 6 \u00e9tapes\" \/><\/a><\/p>\n<p>D\u00e9couvrir le traitement en 6 \u00e9tapes<\/p>\n<h4 class=\"product__actifs\">Les actifs phares<\/h4>\n<div class=\"product__icones\">\n<div class=\"product__icone\">\n<p><img decoding=\"async\" src=\"https:\/\/www.thalac.fr\/app\/uploads\/2021\/10\/fruits.svg\" alt=\"Acides de fruits (Myrtille et Orange)\" \/><\/p>\n<div class=\"text\">\n<h6>Acides de fruits (Myrtille et Orange)<\/h6>\n<p>e\u0301liminent les peaux mortes, favorisent le renouvellement cellulaire<\/p>\n<\/div>\n<\/div>\n<div class=\"product__icone\">\n<p><img decoding=\"async\" src=\"https:\/\/www.thalac.fr\/app\/uploads\/2021\/11\/icn-fleurs.svg\" alt=\"Acides de fleurs (Hibiscus)\" \/><\/p>\n<div class=\"text\">\n<h6>Acides de fleurs (Hibiscus)<\/h6>\n<p>exfolient de\u0301licatement<\/p>\n<\/div>\n<h3>R\u00e9sultats<\/h3>\n<div class=\"results__wrapper\">\n<div class=\"results__content\">\n<p>Elimine les peaux mortes et favorise le renouvellement cellulaire. La peau devient plus lisse et le teint plus lumineux.<\/p>\n<\/div>\n<h3>Composition<\/h3>\n<div class=\"results__wrapper\">\n<div class=\"results__content\">\n<p>Eau, Glyce\u0301rine**, Eau d\u2019Orge BIO*, Agents moussants doux**, Extrait de Myrtille**, Extrait de canne a\u0300 sucre**, Extrait d\u2019Orange**, Extrait de Citron**, Extrait d\u2019E\u0301rable a\u0300 sucre**, Extrait de Fleur d\u2019Hibiscus BIO*, Che\u0301latant naturel**, Acide lactique, Ajusteurs de pH, Conservateurs, Parfum.<br \/>\n*Ingre\u0301dient issu de l\u2019Agriculture Biologique ** Origine ve\u0301ge\u0301tale<\/p>\n<\/div>\n<\/div>\n<\/div>\n<\/div>\n<\/div>\n","protected":false},"excerpt":{"rendered":"<p>Nettoie et exfolie le visage pour un effet \u00ab\u00a0peau neuve\u00a0\u00bb d\u00e8s la premi\u00e8re utilisation.<\/p>\n","protected":false},"featured_media":212,"template":"","meta":[],"product_brand":[22],"product_cat":[30],"product_tag":[],"class_list":{"0":"post-227","1":"product","2":"type-product","3":"status-publish","4":"has-post-thumbnail","6":"product_brand-thalac","7":"product_cat-nettoyants-et-demaquillants","9":"first","10":"instock","11":"taxable","12":"shipping-taxable","13":"purchasable","14":"product-type-simple"},"_links":{"self":[{"href":"https:\/\/ophrysesthetique.com\/index.php?rest_route=\/wp\/v2\/product\/227","targetHints":{"allow":["GET"]}}],"collection":[{"href":"https:\/\/ophrysesthetique.com\/index.php?rest_route=\/wp\/v2\/product"}],"about":[{"href":"https:\/\/ophrysesthetique.com\/index.php?rest_route=\/wp\/v2\/types\/product"}],"wp:featuredmedia":[{"embeddable":true,"href":"https:\/\/ophrysesthetique.com\/index.php?rest_route=\/wp\/v2\/media\/212"}],"wp:attachment":[{"href":"https:\/\/ophrysesthetique.com\/index.php?rest_route=%2Fwp%2Fv2%2Fmedia&parent=227"}],"wp:term":[{"taxonomy":"product_brand","embeddable":true,"href":"https:\/\/ophrysesthetique.com\/index.php?rest_route=%2Fwp%2Fv2%2Fproduct_brand&post=227"},{"taxonomy":"product_cat","embeddable":true,"href":"https:\/\/ophrysesthetique.com\/index.php?rest_route=%2Fwp%2Fv2%2Fproduct_cat&post=227"},{"taxonomy":"product_tag","embeddable":true,"href":"https:\/\/ophrysesthetique.com\/index.php?rest_route=%2Fwp%2Fv2%2Fproduct_tag&post=227"}],"curies":[{"name":"wp","href":"https:\/\/api.w.org\/{rel}","templated":true}]}}